ime factors of 209056.
2, 47, 139
List the prime factors of 1346535.
3, 5, 23, 1301
List the prime factors of 86019.
3, 53, 541
What are the prime factors of 421313?
421313
List the prime factors of 270997.
17, 19, 839
List the prime factors of 3232992.
2, 3, 7, 17, 283
List the prime factors of 728847.
3, 7, 23, 503
What are the prime factors of 1250025?
3, 5, 7, 2381
What are the prime factors of 17382000?
2, 3, 5, 2897
List the prime factors of 5327800.
2, 5, 17, 1567
List the prime factors of 5043635.
5, 557, 1811
What are the prime factors of 216689?
11, 19699
What are the prime factors of 155533?
7, 17, 1307
What are the prime factors of 12992863?
13, 999451
What are the prime factors of 292116?
2, 3, 11, 2213
List the prime factors of 14180073.
3, 503, 9397
What are the prime factors of 193300?
2, 5, 1933
List the prime factors of 258076.
2, 7, 13, 709
List the prime factors of 628310.
2, 5, 83, 757
What are the prime factors of 486418?
2, 243209
List the prime factors of 4420232.
2, 23, 24023
What are the prime factors of 4077305?
5, 19, 167, 257
List the prime factors of 27433615.
5, 11, 239, 2087
List the prime factors of 1268761.
13, 17, 5741
List the prime factors of 265842.
2, 3, 547
List the prime factors of 312165.
3, 5, 7, 991
What are the prime factors of 946970?
2, 5, 281, 337
What are the prime factors of 6428111?
29, 221659
What are the prime factors of 2091566?
2, 317, 3299
What are the prime factors of 7229433?
3, 71, 33941
What are the prime factors of 36415013?
211, 172583
List the prime factors of 3097472.
2, 7, 3457
List the prime factors of 704942.
2, 7, 43, 1171
List the prime factors of 1729025.
5, 23, 31, 97
List the prime factors of 23161046.
2, 23, 503501
What are the prime factors of 248754?
2, 3, 11, 3769
What are the prime factors of 1254199?
967, 1297
What are the prime factors of 9483971?
7, 1354853
What are the prime factors of 778781?
607, 1283
What are the prime factors of 8666374?
2, 4333187
What are the prime factors of 702512?
2, 23, 83
What are the prime factors of 8698121?
8698121
List the prime factors of 886693.
31, 28603
What are the prime factors of 45059?
7, 41, 157
What are the prime factors of 16798236?
2, 3, 7, 13, 15383
What are the prime factors of 261358?
2, 17, 7687
List the prime factors of 6735356.
2, 1683839
List the prime factors of 4285144.
2, 197, 2719
List the prime factors of 449717.
31, 89, 163
List the prime factors of 5956800.
2, 3, 5, 17, 73
What are the prime factors of 13829732?
2, 7, 493919
What are the prime factors of 177301?
177301
List the prime factors of 2774373.
3, 7, 132113
What are the prime factors of 4197142?
2, 59, 35569
What are the prime factors of 166283?
13, 12791
List the prime factors of 26404971.
3, 53, 71, 2339
What are the prime factors of 159297?
3, 29, 1831
List the prime factors of 464216.
2, 58027
List the prime factors of 1031837.
1031837
List the prime factors of 5824380.
2, 3, 5, 97073
What are the prime factors of 5011359?
3, 773, 2161
What are the prime factors of 18593882?
2, 1201, 7741
What are the prime factors of 9797041?
29, 293, 1153
What are the prime factors of 3535240?
2, 5, 31, 2851
List the prime factors of 642524.
2, 29, 191
List the prime factors of 732781.
7, 104683
What are the prime factors of 304879?
304879
List the prime factors of 139079.
139079
List the prime factors of 568161.
3, 11, 1913
What are the prime factors of 172598?
2, 211, 409
List the prime factors of 4699014.
2, 3, 827, 947
What are the prime factors of 286426?
2, 7, 41, 499
What are the prime factors of 602940?
2, 3, 5, 13, 773
List the prime factors of 214163.
214163
What are the prime factors of 9484190?
2, 5, 223, 4253
What are the prime factors of 178284?
2, 3, 83, 179
What are the prime factors of 8297821?
7, 1185403
List the prime factors of 1497178.
2, 748589
List the prime factors of 827747.
17, 23, 29, 73
What are the prime factors of 11377?
31, 367
What are the prime factors of 106469?
11, 9679
What are the prime factors of 9846209?
71, 138679
What are the prime factors of 290096?
2, 18131
List the prime factors of 1303007.
137, 9511
What are the prime factors of 5942925?
3, 5, 61, 433
What are the prime factors of 4670998?
2, 19, 122921
List the prime factors of 53408.
2, 1669
List the prime factors of 212729.
11, 83, 233
List the prime factors of 267974.
2, 7, 19141
What are the prime factors of 2231993?
109, 20477
List the prime factors of 2545796.
2, 11, 57859
List the prime factors of 1530468.
2, 3, 37, 383
What are the prime factors of 404512?
2, 12641
List the prime factors of 1383029.
19, 83, 877
What are the prime factors of 412312?
2, 51539
What are the prime factors of 12223810?
2, 5, 23, 53147
What are the prime factors of 284727?
3, 107, 887
List the prime factors of 513268.
2, 7, 23, 797
List the prime factors of 793430.
2, 5, 11, 7213
List the prime factors of 28283843.
7, 4040549
What are the prime factors of 481454?
2, 240727
List the prime factors of 2900.
2, 5, 29
List the prime factors of 217129.
11, 19739
What are the prime factors of 2835977?
53, 73, 733
List the prime factors of 1521523.
61, 24943
List the prime factors of 9005035.
5, 13, 31, 41, 109
List the prime factors of 153002.
2, 113, 677
List the prime factors of 307299.
3, 102433
List the prime factors of 466416.
2, 3, 41, 79
List the prime factors of 4123768.
2, 11, 46861
List the prime factors of 2434154.
2, 1217077
What are the prime factors of 13766096?
2, 860381
What are the prime factors of 140473?
140473
What are the prime factors of 3252147?
3, 29, 1289
List the prime factors of 876803.
73, 12011
What are the prime factors of 4903692?
2, 3, 23, 109, 163
List the prime factors of 995539.
995539
List the prime factors of 33182.
2, 47, 353
What are the prime factors of 11775734?
2, 5887867
What are the prime factors of 1294908?
2, 3, 29, 61
What are the prime factors of 11011269?
3, 3670423
What are the prime factors of 176725?
5, 7069
List the prime factors of 16154.
2, 41, 197
List the prime factors of 1312784.
2, 11, 7459
What are the prime factors of 643818?
2, 3, 7, 15329
What are the prime factors of 1506042?
2, 3, 31, 2699
What are the prime factors of 13847?
61, 227
What are the prime factors of 427495?
5, 193, 443
List the prime factors of 164528.
2, 7, 13, 113
What are the prime factors of 3421665?
3, 5, 13, 5849
What are the prime factors of 2486973?
3, 67, 12373
What are the prime factors of 24790?
2, 5, 37, 67
What are the prime factors of 355438?
2, 43, 4133
List the prime factors of 2021168.
2, 126323
List the prime factors of 238160.
2, 5, 13, 229
What are the prime factors of 3306739?
31, 106669
List the prime factors of 143383.
127, 1129
What are the prime factors of 708287?
708287
What are the prime factors of 5302445?
5, 419, 2531
What are the prime factors of 26765944?
2, 659, 5077
What are the prime factors of 408197?
408197
List the prime factors of 35660529.
3, 41, 241, 401
List the prime factors of 50697.
3, 43, 131
List the prime factors of 42372.
2, 3, 11, 107
What are the prime factors of 1051356?
2, 3, 87613
What are the prime factors of 1889017?
13, 331, 439
What are the prime factors of 31523?
29, 1087
What are the prime factors of 1777679?
877, 2027
List the prime factors of 2422920.
2, 3, 5, 61, 331
What are the prime factors of 17003403?
3, 1889267
List the prime factors of 14207609.
13, 1092893
What are the prime factors of 2293084?
2, 163, 3517
List the prime factors of 409042.
2, 204521
What are the prime factors of 706013?
7, 11, 53, 173
What are the prime factors of 418428?
2, 3, 59, 197
What are the prime factors of 30574?
2, 15287
What are the prime factors of 190018?
2, 95009
List the prime factors of 3412553.
41, 83233
What are the prime factors of 1295696?
2, 47, 1723
What are the prime factors of 30813492?
2, 3, 137, 18743
What are the prime factors of 15237?
3, 1693
What are the prime factors of 1131813?
3, 89, 157
List the prime factors of 263813.
11, 29, 827
List the prime factors of 728859.
3, 19, 673
What are the prime factors of 1315119?
3, 13, 33721
What are the prime factors of 12331148?
2, 29, 106303
List the prime factors of 181261.
41, 4421
List the prime factors of 3269065.
5, 421, 1553
What are the pr